u - 178, 4*v - j*u - 350 = -3*u. What is the greatest common divisor of 30 and v?
30
Let h(i) = 2*i**2 + 20*i + 19. Let u be h(-10). Calculate the greatest common divisor of 1216 and u.
19
Suppose -4*f = -3*u + 900 - 4083, 0 = 5*f - 3*u - 3975. What is the greatest common factor of f and 33?
33
Let p(d) = 2*d**3 + 2*d**2 - 17*d - 3. Let v be p(3). What is the greatest common factor of v and 192?
6
Let l(c) be the first derivative of c**2/2 + 45*c + 4. Let b be l(-18). Let w = -28 - -46. What is the highest common factor of w and b?
9
Suppose 40 = 2*o + 3*o. Suppose 0 = 10*d - o*d - 196. Suppose -n - 32 = -2*h, 2*h - 40 = -2*h - 4*n. Calculate the highest common divisor of d and h.
14
Let z be (-15)/(-5) - (1 + 0). Let d(g) = g**3 + 5 + 6*g**z - 3 - 3*g + 2 + 4*g. Let s be d(-5). Calculate the greatest common factor of 24 and s.
24
Suppose 4*o - 2*x = 88, 5*x + 60 = 22*o - 20*o. Calculate the greatest common factor of o and 80.
20
Suppose 6 = -18*g + 24*g. What is the greatest common factor of g and 1?
1
Let m(k) = 18*k**3 + 8*k - 6. Let n be m(2). Let g be 195/9 - (-4)/12. What is the highest common divisor of n and g?
22
Let p(o) = -o**3 - o**2 + 9*o - 10. Suppose 3*j = 12 - 33. Let l be p(j). Calculate the highest common divisor of l and 13.
13
Suppose 0 = 5*s - 5*k - 55, 3*s - 1 - 35 = 2*k. Let p(y) = -y + 5. Let t be p(7). Let j be 1016/36 + t/9. Calculate the highest common factor of j and s.
14
Suppose 184 = 4*c - 2*i, -5*i + 86 = 3*c - 78. Calculate the greatest common divisor of c and 30.
6
Suppose 0 = 5*k - 5*q - 175, -5*k = -0*k + 3*q - 215. Suppose 0 = -4*y + 2*g + g + 45, g = 3*y - k. Calculate the highest common divisor of y and 60.
15
Let u(g) = 2*g**2 + 0*g**2 + 6 + 3*g - 4*g. Let j be u(-6). Suppose 20 = a + 4*p + 11, -87 = -4*a + p. What is the highest common factor of j and a?
21
Let g(b) = b**2 + 6*b + 6. Let x be g(-4). Let n = x + -2. Let y(v) = -16*v - 7. Let z be y(n). What is the greatest common factor of z and 38?
19
Let y(x) be the first derivative of -6 - 1/3*x**3 + 8*x - 7/2*x**2. Let k be y(-7). Calculate the highest common divisor of k and 88.
8
Let p(i) = 31*i - 443. Let u be p(45). Calculate the greatest common divisor of u and 56.
56
Suppose -4*s = -69 + 9. Suppose -10*k + 5*k = -s. What is the greatest common divisor of 51 and k?
3
Let z be 6/9 + (-1)/(-3). Let k(a) = a**2 + 6*a - 14. Let y be k(-9). Let g = y - 8. What is the greatest common factor of g and z?
1
Let n = -119 + 115. Let w be ((-27)/24*2)/(1/n). What is the highest common factor of w and 81?
9
Let d = -321 + 496. Calculate the highest common factor of 70 and d.
35
Suppose 6*c = -c - 14. Let o(t) = -2*t - 1. Let q be o(c). Calculate the highest common factor of 3 and q.
3
Let m(g) = -4*g**2 + 120*g + 21. Let h be m(30). What is the highest common divisor of 28 and h?
7
Let o = 110 + -96. Calculate the highest common divisor of o and 70.
14
Let b(j) = j + 3. Let k be b(0). Suppose 3*q + 5*s + 7 = 0, k*q + 3*s + 27 = 5*q. Let c = q + -5. What is the highest common factor of 7 and c?
1
Suppose 0 = -19*t + 239 + 616. Let h be (-2*1 + 1)*-18. What is the highest common factor of t and h?
9
Let t be (5 - 0) + (0 - 1). Suppose 156 + 104 = t*k. Calculate the highest common divisor of k and 13.
13
Let u(b) = 7*b - 8. Let g be u(6). Suppose -2*l + 4*l = -4*m + 14, 4*m - 3*l + 1 = 0. What is the greatest common divisor of m and g?
2
Suppose g - 5 = -4. Let i be -1 + 20/16 - 60/(-16). Suppose 0 = -2*b - i*u - 11 - 3, 4 = -u. What is the greatest common factor of b and g?
1
Let q be 36/(-15)*(-10)/4 + 0. What is the greatest common factor of 60 and q?
6
Let h = 594 - 550. What is the highest common divisor of h and 55?
11
Let v(k) = -362*k - 2. Let f be 2/(-6) + 8/(-12). Let t be v(f). Suppose -32*l = -29*l - t. Calculate the highest common factor of 15 and l.
15
Let c = 1 + -4. Let y be -25*(1 - c/(-5)). Let w be 112/y*(-30)/4. Calculate the greatest common divisor of w and 28.
28
Suppose -2*p = -2*x - 32, 5*p - x = 3*p + 31. Calculate the highest common factor of 375 and p.
15
Let d(y) = 7*y**3 - y**2 - 3*y + 6. Let x be d(0). What is the highest common factor of x and 300?
6
Suppose 8*z - 180 + 84 = 0. Let f be (60/7)/((-3)/(-21)). What is the greatest common divisor of z and f?
12
Suppose 0 = 2*j - 0*j - 4*y, 2*y = -3*j. Suppose -t + 6 + 0 = j. Let m be 8/12*4*t. What is the highest common factor of 8 and m?
8
Let t be ((-66)/(-8))/((-6)/(-16)). Let j(d) = -d + 6. Let a be j(6). Suppose 6*x - 57 - 207 = a. What is the greatest common divisor of x and t?
22
Let b(c) = c**3 - 5*c**2 - 5*c - 1. Let x be b(6). Let n = 3 - -12. Suppose -6*r = -5*r - n. What is the greatest common factor of r and x?
5
Let l = 24 - 24. Suppose 0 = 5*s - 2*x - 101, 85 = 4*s - 3*x - l*x. What is the greatest common divisor of s and 133?
19
Let g = -2536 - -2544. Calculate the highest common factor of g and 152.
8
Let q be (8*-113)/(-4) - 5. What is the highest common divisor of 17 and q?
17
Let w(q) = 25*q - 5. Let k = -20 - -27. Let o be w(k). Calculate the highest common divisor of 68 and o.
34
Suppose 5*o + 2*r = 58, 2*o = -2*o + 2*r + 32. Let q = -5364 + 5399. Calculate the greatest common divisor of o and q.
5
Suppose 5*o + 3*n = -85, 6*o + 5*n = 2*o - 68. Let v = -14 - o. What is the highest common factor of 6 and v?
3
Let z(p) = -8*p + 6 - 32 - 14. Let r be z(-9). Calculate the highest common divisor of 128 and r.
32
Suppose -m - 4*p + 2 = 11, m = -2*p - 3. Suppose -y = m*y - 156. Let g = -15 + y. What is the highest common factor of g and 8?
8
Let t be (-2)/(-8)*(-6708)/(-39). Calculate the greatest common factor of 473 and t.
43
Let j = -151 - -162. What is the greatest common divisor of j and 66?
11
Let s(y) = y**3 - 8*y**2 + 7*y - 1. Suppose -4*j = -8*j + 28. Let d be s(j). Let w be (14/28)/(d/(-20)). Calculate the greatest common divisor of w and 70.
10
Let x = 618 + -416. Suppose -5*l = 2*q - 116 + 3, 3*q = -l + x. Suppose 33 = 2*i - 13. What is the greatest common factor of q and i?
23
Suppose 52*c = 51*c + 65. What is the highest common factor of c and 5?
5
Let x(l) = -1 + 6*l + 2 - 6 - l. Let h be x(17). Let r = 15 - 5. What is the greatest common divisor of h and r?
10
Suppose 5*c - 55 = 2*a - 192, 4*a + 5*c = 319. Calculate the highest common factor of 95 and a.
19
Let d be 3/((-3)/(-2)) - -42. Suppose 22 = -l - 4*j, -3*j = -2*l + 2*j - d. Let g = l + 46. Calculate the greatest common divisor of g and 16.
8
Let z be 2*-5*(-100)/8. Suppose 0*f + 50 = 2*o - f, 0 = -5*o - 2*f + z. Calculate the highest common divisor of o and 50.
25
Let l = 1622 - 1531. Calculate the highest common factor of 35 and l.
7
Let f = 1043 + -599. Calculate the highest common factor of f and 12.
12
Let z be (-3 - 2)*(0 - (-1)/(-1)). Suppose -73 = -z*a + 2*u + 2*u, 5*a - 59 = -3*u. Calculate the greatest common divisor of 13 and a.
13
Suppose -4*r + 13 = -11. Suppose -14*z + 135 + 117 = 0. Calculate the greatest common factor of r and z.
6
Let f be (22/(-4))/(12/(-216)). What is the highest common factor of 231 and f?
33
Suppose 9 = -3*u, -5*l + u = -u - 171. What is the greatest common factor of l and 143?
11
Let v(d) = -d**2 - 9*d + 20. Let w = -61 - -52. Let j be v(w). What is the greatest common factor of 220 and j?
20
Let h(l) = -8*l - 8. Suppose 2*i + 5*o + 23 = -33, o = 4*i + 90. Let a = i - -16. Let z be h(a). What is the greatest common factor of z and 6?
6
Suppose -5*c + 317 = 2*b - 4*b, -4*c = -5*b - 240. Let h = 1750 + -1737. What is the greatest common divisor of h and c?
13
Let z = 69 + -46. Suppose -3*j = -4 - z. What is the highest common factor of 63 and j?
9
Let u be (-1)/(-4)*-2*178. Let a = 121 - u. Suppose 7*s - s = a. What is the greatest common divisor of 7 and s?
7
Let r = -2939 - -2990. What is the greatest common factor of r and 30?
3
Let v = 3 - -2. Suppose -3*s + v = -4. Suppose 5*f - 3*z - 62 - 40 = 0, -3*f - 3*z + 66 = 0. Calculate the highest common divisor of s and f.
3
Let t = 1217 - 785. Suppose -t = -9*c - 81. What is the highest common factor of 26 and c?
13
Suppose -3873 - 927 = -20*q. Calculate the highest common divisor of q and 15.
15
Let k(z) = -z**3 - 8*z**2 + 5*z + 8. Let x be k(-9). Calculate the greatest common divisor of 1188 and x.
44
Sup